r - o*r - 212. What are the prime factors of r?
43
Let a(v) = -v**2 - 7*v - 8. Let l be a(-5). What are the prime factors of ((-2457)/6)/(-9)*(l + 0)?
7, 13
Let f be (-33)/(-24) - ((-172)/(-32) - 5). List the prime factors of ((-965)/15 - 2)/(f/(-18)).
2, 3, 199
Let g(s) be the first derivative of -s**2 - 29*s - 16. Let h be g(-23). Suppose 89 = 3*y + 4*c, -4*y - 3*c = -h - 90. List the prime factors of y.
23
Let g(k) = -77*k + 34. Let o be g(-6). Let s = -211 + o. What are the prime factors of s?
3, 5, 19
Let z(m) = 60*m + 4. Let w be z(2). Let v = w + -63. Let t = 32 + v. List the prime factors of t.
3, 31
Let l = 36 + -36. Let c be l/(1 + 8/4). Suppose z = -n + 29, 2*n + c*z = -z + 55. List the prime factors of n.
2, 13
List the prime factors of (-24180144)/(-462) + 54/2079.
2, 3, 11, 13, 61
Suppose 110102 + 106166 = 26*t. List the prime factors of t.
2, 4159
Suppose -3*g + 0*g = -84. Suppose g = -11*p - 16. What are the prime factors of (-363)/(-2) - p/(-8)?
181
What are the prime factors of (-20 + 73)*(294*2 - -7)?
5, 7, 17, 53
Suppose 0 = -3*u + 5*a + 2027, -2*u + 7*u = 4*a + 3400. Let p = -390 + u. List the prime factors of p.
2, 3, 7
Suppose 0*d - 6*d = -30. List the prime factors of 568/((d - 0) + -3).
2, 71
Let c = -213 - -298. Let g = c - -540. List the prime factors of g.
5
Let f be (-15)/6*(-7)/(21/1338). Suppose i = -3*l - f, -4*i = l - i + 361. Let q = l - -529. What are the prime factors of q?
2, 3, 13
Let n = -1283 + 1323. Let x = -3 + 2. Let q = n + x. What are the prime factors of q?
3, 13
Suppose -28*m + 113900 + 147713 = -118963. What are the prime factors of m?
2, 1699
Let x(l) = 2*l + 40. Let z be x(-20). Suppose 2*s + 4*d - 3*d - 1592 = 0, 4*s + 3*d - 3180 = z. List the prime factors of s.
2, 3, 7, 19
Let v = -1426 + 41159. List the prime factors of v.
39733
Suppose -1670*w = -1675*w. Suppose 8*q + 12*q - 14580 = w. What are the prime factors of q?
3
Let y be 1620/729 - (-2)/(-9). Suppose -y*m + 407 + 2367 = 0. What are the prime factors of m?
19, 73
Suppose 94 = 3*p - 314. Suppose p = -d - 5*f - 37, 3*d + 2*f = -493. What are the prime factors of d*(3 + -1 - 3)?
163
Let w be 27*(60/108)/(2/12). Let v be (-20)/w - (-3100)/18. Suppose -3*y + v = y. What are the prime factors of y?
43
Suppose 8*w - 8895 = -y, -w + 30*y - 35*y = -1146. What are the prime factors of w?
11, 101
Let j = 237 - 235. Let c = 2 + 15. Suppose 117 = g + 2*m, 4*g - j*m - 465 = -c. What are the prime factors of g?
113
Let o be (2240/12)/(-7)*(-11 - 1). Suppose -3*l + o = -0*r + 2*r, -5*l + 20 = 0. Suppose 0 = -y + r + 32. List the prime factors of y.
2, 3, 31
Let l be (-237)/158*64/(-6). Let h(t) = 110*t + 160. What are the prime factors of h(l)?
2, 3, 5
What are the prime factors of 6456 + -11 + 12/(-6)?
17, 379
Let j(v) = 74*v - 2. Suppose -20 + 17 = -t. What are the prime factors of j(t)?
2, 5, 11
Let r(g) = -g**2 + 2. Let n be r(0). Suppose -n*j + a + 10 = -a, -25 = j + 5*a. Suppose -8*x - 20 + 412 = j. List the prime factors of x.
7
Suppose g - 4*k - 658618 = -13*g, -141125 = -3*g - k. List the prime factors of g.
3, 5227
Suppose 16 = w - 5*a, -4*a = w - 6*w - 4. What are the prime factors of (355 + -1)*(w + 7 + -2)?
2, 3, 59
Suppose 4*c = -34 + 114. Let a be 5 - (-5 - c/(-5)). Let u = 26 - a. List the prime factors of u.
2, 5
Let w be (-18)/(4 + (-2262)/564). Suppose 7*g = -2*g + w. What are the prime factors of g?
2, 47
Suppose 4 = -5*f + 2*g + 3, 3*f = -3*g + 12. Suppose 4*r + 2*i = 22, -f = -i - 0. Suppose 3*q - 321 = -q + 3*j, r*q - 5*j = 400. List the prime factors of q.
3
Let r = 8478 + -4483. List the prime factors of r.
5, 17, 47
Let v(w) = 4*w**3 + 4*w**2 + 4*w + 1. Let o be v(-3). Let a be ((-18)/12)/(2 + o/40). Suppose 17*i = a*i - 180. List the prime factors of i.
2, 3, 5
Suppose -7 = 3*v - 46. Let x = -12 + v. What are the prime factors of x/(-2) - (-105)/14?
7
Let c(m) = m**3 - 62*m**2 - 117*m - 70. Let q be c(64). Let g(w) = w**2 + 4*w - 5. Let r be g(-6). Suppose 0 = r*s + 235 - q. What are the prime factors of s?
3, 19
Suppose 0*h + 2*h + 3*k = 10, 4*h + 2*k - 4 = 0. Let r be h*(-33)/18 - (-4)/24. What are the prime factors of (89 + (-6)/3)*(r - 1)?
3, 29
Let u(i) = -i**3 - 25*i**2 + 26*i + 11. Let l be u(-26). Suppose 107 = -l*f + 1768. What are the prime factors of f?
151
Let n(u) = 4*u**3 + 6*u**2 + 3*u - 12. Let h(r) = r**3. Let m(j) = 3*h(j) - n(j). Let z be m(-5). Suppose -z*w = -52 - 88. What are the prime factors of w?
2, 5, 7
Suppose 4*r + 11 = 23, 0 = h - 3*r + 13. List the prime factors of h - 76*(2 - 19).
2, 7, 23
Let f(r) = 118*r**2 - 3*r. Let j be f(1). Let k = j + -100. Let q = 90 + k. List the prime factors of q.
3, 5, 7
Suppose 6*g - 11*g + 47272 = -g. What are the prime factors of g?
2, 19, 311
Let z(q) = -2*q**3 - q**2 + 4*q + 5. Let v be z(-2). Let y be 3/(21/31) - v/21. Suppose y*c + 49 - 337 = 0. List the prime factors of c.
2, 3
Let k = -30 - -60. Let z(u) be the third derivative of 7*u**4/24 - 13*u**3 + 9*u**2. What are the prime factors of z(k)?
2, 3, 11
What are the prime factors of ((-580)/210)/(-29) + (-7366326)/(-126)?
17, 19, 181
Let d(c) = -108*c - 1117. List the prime factors of d(-74).
5, 11
Suppose 2*v + 3*o + 552 = -768, -4*o + 682 = -v. Let x = v - -1255. What are the prime factors of x?
19, 31
Suppose 0*q + 48 = -3*q. What are the prime factors of (q/(-10))/((-4)/(-3390)*3)?
2, 113
Let c(o) = -12*o + 92. Let l be c(7). Suppose 5*r - 11*p - 2870 = -6*p, -l = -4*p. List the prime factors of r.
2, 3
Let u(y) = -y**3 - 2*y**2 - 33*y + 20280. What are the prime factors of u(0)?
2, 3, 5, 13
Let o = 996 - 430. Suppose -3*m + 4167 - o = 4*w, 4*m - 4799 = -3*w. What are the prime factors of m?
11, 109
List the prime factors of 3/(-21)*-7*8119.
23, 353
Let f = -50 + 94. Suppose 2*n - p = 194, -5*p + f = 3*n - 221. What are the prime factors of n/(-10)*(-2 - -1 - 1)?
19
Suppose 9 = 8*g - 5*g, -1525 = 4*j - 3*g. Let c be ((-4573)/(-34))/(1/(-2)). Let z = c - j. What are the prime factors of z?
2, 5, 11
Suppose -5*n = -27 + 7. Suppose -7*h + 6 = -6*h. Suppose 5*s - 668 = -n*b, -5*b = -s + h*s - 835. List the prime factors of b.
167
Suppose g = -0 - 12. Suppose -640 = -26*o + 10*o. Let h = g + o. What are the prime factors of h?
2, 7
Let a be 1 + (-2)/10 + 3178/(-35). List the prime factors of ((-1844)/6)/(6*10/a).
461
Let h be 2/7 + (-19)/(-7). Suppose -3*g - 9 = -h*n - 0*n, -15 = 5*g - 4*n. List the prime factors of (g/1)/(3/(-93)).
3, 31
Suppose 108*v - 133*v = -1177474 - 414976. What are the prime factors of v?
2, 31849
Suppose -a = -4*o + 2*o + 42, 0 = -3*a - 4*o - 106. Let b = a + 430. What are the prime factors of b?
2, 7
Let b be (8 + (-88)/18)*9. Suppose -2*z - 2*o + 3406 = 0, -1703 = -z + 25*o - b*o. List the prime factors of z.
13, 131
Suppose 12*p + 2*r = 13*p - 3419, -4*p - 4*r + 13628 = 0. Suppose p = 8*j - 3237. List the prime factors of j.
3, 277
Let v(o) = -30 - 463*o - 140*o + 102*o - 60*o. List the prime factors of v(-2).
2, 3, 7, 13
Let z be (-2 - 24/20)*25 + 0. Let u = -74 - z. Suppose 0 = 4*m + 2*q - 456, -5*m + u*q + 559 = 3*q. List the prime factors of m.
113
Let r = -9872 - -14806. What are the prime factors of r?
2, 2467
Let q(u) = 7*u + 306. Let g(s) = -9*s - 305. Let d(l) = 4*g(l) + 5*q(l). List the prime factors of d(40).
2, 3, 5
Let w(z) = 6*z**3 - 12*z**2 - 6. Let c be w(5). List the prime factors of 6/(((-4)/c)/(-1)).
2, 3, 37
Let l = 3608 + 1463. List the prime factors of l.
11, 461
Let x(v) = -2*v**3 + 149*v**2 + 299*v - 83. List the prime factors of x(73).
3, 12577
Suppose 331*r + 150036 = 672*r - 335*r. What are the prime factors of r?
2, 12503
Suppose 0 = -311*f + 301*f + 19720. Let v = f + -1245. List the prime factors of v.
727
Let x = -9903 - -20637. Suppose -4259 = -29*r + x. List the prime factors of r.
11, 47
Suppose 3768 = 10*v - 6*v. Let x = 717 + -409. Suppose h = -o + x, -3*o + 2*h = -v + 23. List the prime factors of o.
307
Suppose -8 = -2*f, 2*k - k - 4*f + 22 = 0. List the prime factors of (-20 + 41)*(-32)/k.
2, 7
Let r = 17230 - -2329. What are the prime factors of r?
19559
Let l(h) = 2267*h - 8387. List the prime factors of l(7).
2, 3, 29, 43
What are the prime factors of ((-2400)/(-9))/(1450/360 + (0 - 4))?
2, 3, 5
Let o be 30/(-15)*2/(-2). Let c(u